{"id":4293,"date":"2021-09-02T09:00:02","date_gmt":"2021-09-02T07:00:02","guid":{"rendered":"http:\/\/xn--norskr-fua.se\/?page_id=4293"},"modified":"2021-09-02T09:05:25","modified_gmt":"2021-09-02T07:05:25","slug":"folj-projektet-har","status":"publish","type":"page","link":"https:\/\/xn--norskr-fua.se\/index.php\/folj-projektet-har\/","title":{"rendered":"F\u00f6lj projektet h\u00e4r"},"content":{"rendered":"","protected":true},"excerpt":{"rendered":"","protected":true},"author":1,"featured_media":4081,"parent":0,"menu_order":0,"comment_status":"closed","ping_status":"closed","template":"","meta":[],"jetpack-related-posts":[{"id":4143,"url":"https:\/\/xn--norskr-fua.se\/index.php\/ditt-nya-hem\/","url_meta":{"origin":4293,"position":0},"title":"Ditt nya hem","date":"19 april, 2021","format":false,"excerpt":"Ditt nya hemDu blickar ut \u00f6ver V\u00e4nern vid frukostbordet. Tar en p\u00e5t\u00e5r till. Kanske \u00f6ppnar du d\u00f6rren och tar med dig koppen ut p\u00e5 tr\u00e4d\u00e4cket och k\u00e4nner doften av varma tallstammar. L\u00e5ter tankarna vandra fritt medan du h\u00f6r t\u00e4rnorna och m\u00e5sarna som skrattande drar f\u00f6rbi. Du f\u00f6ljer dem med blicken\u2026","rel":"","context":"Liknande inl\u00e4gg","img":{"alt_text":"","src":"","width":0,"height":0},"classes":[]},{"id":4068,"url":"https:\/\/xn--norskr-fua.se\/index.php\/omradet\/","url_meta":{"origin":4293,"position":1},"title":"Omr\u00e5det","date":"19 april, 2021","format":false,"excerpt":"Omr\u00e5det Det \u00e4r l\u00e4tt att l\u00e4ngta till lugnet, avskildheten och de njutbara naturscenerierna h\u00e4r. N\u00e4r du v\u00e4ljer ett hus p\u00e5 Norsk\u00e4r v\u00e4ljer du ocks\u00e5 en livsstil d\u00e4r naturen och \u00e5rstidsv\u00e4xlingarna pr\u00e4glar tillvaron. Du kan njuta av sol och h\u00e4rliga bad under stilla sommardagar eller mysiga h\u00f6stkv\u00e4llar med t\u00e4nda ljus och\u2026","rel":"","context":"Liknande inl\u00e4gg","img":{"alt_text":"","src":"","width":0,"height":0},"classes":[]}],"_links":{"self":[{"href":"https:\/\/xn--norskr-fua.se\/index.php\/wp-json\/wp\/v2\/pages\/4293"}],"collection":[{"href":"https:\/\/xn--norskr-fua.se\/index.php\/wp-json\/wp\/v2\/pages"}],"about":[{"href":"https:\/\/xn--norskr-fua.se\/index.php\/wp-json\/wp\/v2\/types\/page"}],"author":[{"embeddable":true,"href":"https:\/\/xn--norskr-fua.se\/index.php\/wp-json\/wp\/v2\/users\/1"}],"replies":[{"embeddable":true,"href":"https:\/\/xn--norskr-fua.se\/index.php\/wp-json\/wp\/v2\/comments?post=4293"}],"version-history":[{"count":6,"href":"https:\/\/xn--norskr-fua.se\/index.php\/wp-json\/wp\/v2\/pages\/4293\/revisions"}],"predecessor-version":[{"id":4303,"href":"https:\/\/xn--norskr-fua.se\/index.php\/wp-json\/wp\/v2\/pages\/4293\/revisions\/4303"}],"wp:featuredmedia":[{"embeddable":true,"href":"https:\/\/xn--norskr-fua.se\/index.php\/wp-json\/wp\/v2\/media\/4081"}],"wp:attachment":[{"href":"https:\/\/xn--norskr-fua.se\/index.php\/wp-json\/wp\/v2\/media?parent=4293"}],"curies":[{"name":"wp","href":"https:\/\/api.w.org\/{rel}","templated":true}]}}